me?
False
Suppose 14 = -5*b - 2*a, 4*a + 5 = -5*b - a. Is b/(-10) + (-236896)/(-160) composite?
False
Let u(z) = -8*z**2 - 8*z - 8. Let c(j) = -j - 1. Let b(f) = 2*c(f) - u(f). Let m be b(5). Suppose -g + m = 3*g. Is g composite?
False
Let p(y) = 1. Let g(k) be the first derivative of 2*k**2 - 2*k - 5. Let h(b) = -g(b) + 5*p(b). Is h(-7) a composite number?
True
Let u(x) = -x**2 + 2*x. Let s be u(2). Suppose -3*c + 6 = -s*c. Suppose -2*f = -c*z - 62, f - 68 = -f - z. Is f a prime number?
False
Suppose -27*s + 216912 = 57801. Is s a composite number?
True
Let l(s) = -s**2 + 15*s - 1. Let q be l(12). Suppose x - 1 = 0, 18 + q = -2*f + 5*x. Let p = 43 + f. Is p a prime number?
True
Suppose 0 = -2*w + j - 46, 5*w + 2*j = 5*j - 117. Is 308/w*9/(-4) a composite number?
True
Let g(c) be the first derivative of -c**3/3 + 159*c**2/2 - 4*c - 2. Let o(l) be the first derivative of g(l). Is o(0) composite?
True
Let l be 6/(-33) + (-2)/(-11). Suppose l = -k + 2 + 3. Suppose 2*q + k*v - 62 = 0, -2*v + 5*v - 6 = 0. Is q prime?
False
Let r be (12/(-10))/(34/(-85)). Let p be 1 + 0 + -3 + 38. Suppose 2*v + 14 - p = -3*a, 26 = r*a + v. Is a prime?
False
Let g = 16613 - 10164. Is g prime?
True
Is (-28)/20 + 2 + (-103878)/(-45) a prime number?
True
Suppose -520296 - 409171 = -77*f. Is f a prime number?
True
Suppose -u - 14 = -3*n, -5*n - u = 3*u - 12. Let l be 645*1 - (5 - n). Suppose 5*a - 356 = d + l, -5*d = -3*a + 622. Is a composite?
False
Let n(f) = -33*f**3 - 13*f**2 - 16*f + 39. Is n(-11) a prime number?
False
Suppose -179 = -2*l + 1787. Let j be (-800)/(-4) - (2 - 0). Let q = l - j. Is q a composite number?
True
Let l be -6*(-2)/(-8)*78*18. Let o = 3065 + l. Is o a prime number?
False
Let a be (-1)/((-5)/(1 - -14)). Is 21/14*502/a a composite number?
False
Suppose 0 = -0*p - 7*p + 56. Is (-4)/p - (-575)/2 a composite number?
True
Let o be (-189)/(-35) + 2/(-5). Suppose -y + 3*i = 2*i - 3, 3*y + o*i - 1 = 0. Suppose -5*d = -217 + y. Is d a composite number?
False
Let z(h) be the first derivative of 751*h**3/3 - h**2/2 + h - 12. Is z(1) composite?
False
Suppose -108*x - 634 = -110*x. Is x prime?
True
Suppose -3*r + 0*r = -u - 19368, r = -2*u + 6463. Is r prime?
False
Let j be ((-24)/28)/((-7)/((-98)/(-4))). Suppose -3*v + 1069 = 2*y, -j*v + 550 = y - 514. Is v a prime number?
True
Let n be (-49)/(-3*(-4)/(-192)). Suppose n = x + 3*x + 5*t, 2*x = 3*t + 370. Is x a composite number?
False
Let w = -31271 - -46378. Is w a prime number?
True
Let p = 67 + 49. Suppose -619 = -f - p. Is f a composite number?
False
Let j(w) = -3*w**2 - 5*w + 1. Let b be j(-5). Let q = 72 + b. Is q composite?
False
Suppose 0 = 8*j - 3*j + 75. Is (-41385)/(-25) + 6/j prime?
False
Suppose -g + 16 = -5*g. Is (-27)/18 + (-818)/g composite?
True
Suppose 2*b - 5*b + 2*w + 274297 = 0, 4*w = -2*b + 182870. Is b a composite number?
False
Let q be 0*(3/4)/((-27)/(-18)). Let a(u) = -u**3 + u**2 + 3*u + 1559. Is a(q) a composite number?
False
Let n(g) = 2*g - 11. Let p = -5 + 10. Let l be n(p). Is (-10)/25*(-4 + l) a prime number?
True
Suppose 0*t = 3*t - 51. Let q = -14 + t. Suppose 4*i = -4*u + 528, q*u + 4*i - 376 = 21. Is u composite?
False
Suppose -s + 33302 = 2*g + 4592, 2*g + 3*s - 28714 = 0. Is g prime?
False
Suppose -2*i = -o - 8, 0 = -i + 3*o + 9. Suppose i*x = 4*p + 1330, x + p + 445 = 2*x. Suppose -5*n + x = -365. Is n composite?
False
Let l = -1 - 11. Is (l/(-24))/((-1)/(-5162)) composite?
True
Let g = 1 + 3. Suppose 11 = 3*w - g. Suppose -4*q = -2*q + 3*f - 414, w*q + 2*f - 1013 = 0. Is q composite?
True
Let b(s) = -1358*s**3 - s**2 - 5*s + 1. Is b(-2) composite?
True
Suppose 4*h = 0, 0 = -46*z + 43*z - 3*h + 23523. Is z a composite number?
False
Suppose -3015 = w - 6*w. Suppose -w = 11*m - 14*m. Is m prime?
False
Let h be (2 + (-105)/6)*-2. Let j = 15 - h. Let a = j - -69. Is a a composite number?
False
Let b(g) = -g**3 + 8*g**2 + 8*g + 11. Let j be b(9). Let n be 4*(j - 4)/(-2). Suppose 2*h = n*h - 418. Is h composite?
True
Suppose 5*z - 1029 + 319 = 0. Let q be ((-48)/(-120) - (-4)/(-10)) + 4. Suppose -5*d + 3*u + 131 = -50, q*d - z = u. Is d composite?
True
Is (-369)/41 - (0 + -1096) a prime number?
True
Let y = 505 - -956. Let t = -2347 + y. Is 1*(0 - t - -1) a composite number?
False
Let p be (-183)/15 + (-2)/(-10). Let v = -10 - p. Let z = v + 9. Is z a composite number?
False
Let d(i) = -4*i + 30. Let w be d(6). Is (-2128)/(-3) - 2/w composite?
False
Suppose 0 = -9*s + 7*s - 8. Let a be (-1)/((-3)/(7 + s)). Is (a + 50)*155/15 composite?
True
Is (0 + 1 - -1042)*1 composite?
True
Suppose -5*n = -2*n + 45. Let z be n/(-3) + -3 + 202. Suppose 5*t - 91 = z. Is t composite?
False
Suppose -14*o = -6*o + 200. Let w = 39 + o. Suppose -5*j + w*j - 2853 = 0. Is j a prime number?
True
Suppose 31*l - 27*l - 12 = 0. Suppose 3*t - 2424 = l*b, -2*t + 4*b + 1857 = 251. Is t prime?
False
Suppose 4*o - 2878 = 5*n, -3*n + 13 = 7. Let u = 1200 - o. Is u prime?
False
Let l(h) = 1126*h + 31. Is l(4) a prime number?
False
Let s(i) be the first derivative of -4*i - 3*i + 2*i**3 + 6*i + 0*i**3 + 4. Is s(-5) a prime number?
True
Let h(d) = d**3 + d**2 - 2*d - 2. Let g be h(-2). Let u be (-27)/(-6)*g/(-3). Suppose 125 = 5*y - u*f + f, 2*y + 5*f - 21 = 0. Is y prime?
True
Let b = 52422 - 19435. Is b composite?
False
Let s = 123 - 119. Suppose s*z + 5*z = 4005. Is z a prime number?
False
Suppose -w = -43 - 44. Suppose 3 = 3*a, 3*k + 5*a - 5 = -0*a. Suppose -y = -k*y - w. Is y prime?
False
Let q(b) = b + 6. Let d be q(-6). Suppose 1940 = 2*s + 2*s. Suppose -x + s = -d*x. Is x prime?
False
Suppose 10 = 4*x - 10. Suppose x*t - 5*b + 33 = 258, -5*b = 5*t - 235. Is t a composite number?
True
Suppose -11*g - 25 = -3. Is 7 + -9 + (1049 - g) composite?
False
Let h be 3/7 - (-109)/7. Let t be (-4)/h - (-5324)/(-16). Let g = t - -534. Is g a composite number?
True
Suppose -4*q + 3913 + 3567 = -4*i, 9359 = 5*q + 4*i. Is q prime?
True
Suppose -4*r - 8 = -24. Suppose r*j - d + 2*d = 5447, -3*j - 2*d + 4089 = 0. Is j a prime number?
True
Let h = -23 - -13. Let j(g) = 7*g**3 + 17*g**2 - 8*g + 5. Let z(m) = -8*m**3 - 18*m**2 + 9*m - 6. Let y(f) = 7*j(f) + 6*z(f). Is y(h) a composite number?
True
Let v be (3/4)/(12/32). Suppose 6573 = v*x + 5*x. Is x composite?
True
Suppose -10 = 2*b - 4*i, 4*b - 4*i + 39 - 15 = 0. Let o = b - -13. Is ((-2)/o)/(3/(-8271)) composite?
False
Let p be 4/8 - (-15)/6. Suppose -3388 = -i + g, -p*i + 3*g + 10167 = -g. Is i a prime number?
False
Is (-1)/(-5)*11249*(-44 + 49) prime?
False
Suppose x - 3*t = -0*x - 9, -3*t + 3 = -3*x. Suppose -3*v - 3 = -2*b, -3*v = -x*b - b + 15. Let f(m) = 129*m + 13. Is f(b) a composite number?
False
Suppose -4*r + 62 = -14. Let c = r - 17. Is ((-12)/18)/(c/(-111)) composite?
False
Is 4/(-36)*1 - (-56272)/36 prime?
False
Let u = 540 + 455. Let h = -618 + u. Is h composite?
True
Suppose -5*d + 2*v = -10, 0 = -3*v - 2*v. Let s(h) = -4 - 6 + h + 6 + 4*h**d. Is s(-2) a prime number?
False
Let n(r) = -5*r**2 - 2*r - 1. Let j be n(-1). Let f be j/(1 + (-1 - 1)). Suppose 9*o - f*o = 20, o = m - 325. Is m prime?
False
Suppose 2562 = 3*k - 11541. Is k composite?
True
Suppose 32*w - 264 = 26*w. Let l be (-2)/10 + 796/5. Let r = l + w. Is r a prime number?
False
Suppose -139205 = -5*i + 21480. Is i prime?
False
Let w = -2 - -4. Suppose w*d = 3*d - 2. Suppose 2*m = -3*k + 351, d*k = m - k - 180. Is m composite?
True
Let c = 44844 + -24895. Is c a prime number?
True
Let q = 1226 - 2408. Let p = q + 1765. Is p composite?
True
Suppose 2*o - 77521 = -5*b - 12093, 0 = 3*o - 2*b - 98123. Is o a composite number?
True
Suppose 1606 - 335 = v. Is v a composite number?
True
Suppose -3*l + 6 = -5*q, -5*q - 8 = -0*l - 4*l. Suppose 4*p - 248 + 105 = -3*y, -3*p + 3*y + 123 = q. Is p prime?
False
Suppose 37*w - 8*w = 207379. Is w composite?
False
Suppose -31*c + 222898 = -5*c. Is c composite?
False
Suppose 16 = 3*r - t - 0*t, 3*t + 23 = 4*r. Suppose 0 = r*b + 36 - 116. Suppose 4*y = -b, -4*y - 249 = -3*v - y. Is v composite?
False
Let m be 4/(-3) - 4/6. Is -3 + 131 + 1 + m a prime number?
True
Let z = -1358 + 1972. Is z prime?
False
Let i = -17382 - -30691. Is i prime?
True
Let s be (-1)/(-6 - 0) - (-14201)/6. Suppose -s = -2*x + 151. Is x a composite number?
False
Let s = 42 + -99. I